[INFO] fetching crate tuig-iosys 0.0.3...
[INFO] checking tuig-iosys-0.0.3 against master#e6e4f7ed1589e03bc2f6c5931c1a72e7947e8682 for beta-170-4
[INFO] extracting crate tuig-iosys 0.0.3 into /workspace/builds/worker-1-tc2/source
[INFO] validating manifest of crates.io crate tuig-iosys 0.0.3 on toolchain e6e4f7ed1589e03bc2f6c5931c1a72e7947e8682
[INFO] running `Command { std: CARGO_HOME="/workspace/cargo-home" RUSTUP_HOME="/workspace/rustup-home" "/workspace/cargo-home/bin/cargo" "+e6e4f7ed1589e03bc2f6c5931c1a72e7947e8682" "metadata" "--manifest-path" "Cargo.toml" "--no-deps", kill_on_drop: false }`
[INFO] started tweaking crates.io crate tuig-iosys 0.0.3
[INFO] finished tweaking crates.io crate tuig-iosys 0.0.3
[INFO] tweaked toml for crates.io crate tuig-iosys 0.0.3 written to /workspace/builds/worker-1-tc2/source/Cargo.toml
[INFO] crate crates.io crate tuig-iosys 0.0.3 already has a lockfile, it will not be regenerated
[INFO] running `Command { std: CARGO_HOME="/workspace/cargo-home" RUSTUP_HOME="/workspace/rustup-home" "/workspace/cargo-home/bin/cargo" "+e6e4f7ed1589e03bc2f6c5931c1a72e7947e8682" "fetch" "--manifest-path" "Cargo.toml", kill_on_drop: false }`
[INFO] running `Command { std: "docker" "create" "-v" "/var/lib/crater-agent-workspace/builds/worker-1-tc2/target:/opt/rustwide/target:rw,Z" "-v" "/var/lib/crater-agent-workspace/builds/worker-1-tc2/source:/opt/rustwide/workdir:ro,Z" "-v" "/var/lib/crater-agent-workspace/cargo-home:/opt/rustwide/cargo-home:ro,Z" "-v" "/var/lib/crater-agent-workspace/rustup-home:/opt/rustwide/rustup-home:ro,Z" "-e" "SOURCE_DIR=/opt/rustwide/workdir" "-e" "CARGO_TARGET_DIR=/opt/rustwide/target" "-e" "CARGO_HOME=/opt/rustwide/cargo-home" "-e" "RUSTUP_HOME=/opt/rustwide/rustup-home" "-w" "/opt/rustwide/workdir" "-m" "1610612736" "--user" "0:0" "--network" "none" "ghcr.io/rust-lang/crates-build-env/linux@sha256:5ff2268d62e97bff2cde7d5815dd6ed5b47097566f13b8d0ca110b04b60e07ed" "/opt/rustwide/cargo-home/bin/cargo" "+e6e4f7ed1589e03bc2f6c5931c1a72e7947e8682" "metadata" "--no-deps" "--format-version=1", kill_on_drop: false }`
[INFO] [stdout] 39d62d9fb9bfe4cea462a686a0366bd339b8547539b7245ad2eb212820267fe8
[INFO] running `Command { std: "docker" "start" "-a" "39d62d9fb9bfe4cea462a686a0366bd339b8547539b7245ad2eb212820267fe8", kill_on_drop: false }`
[INFO] running `Command { std: "docker" "inspect" "39d62d9fb9bfe4cea462a686a0366bd339b8547539b7245ad2eb212820267fe8", kill_on_drop: false }`
[INFO] running `Command { std: "docker" "rm" "-f" "39d62d9fb9bfe4cea462a686a0366bd339b8547539b7245ad2eb212820267fe8", kill_on_drop: false }`
[INFO] [stdout] 39d62d9fb9bfe4cea462a686a0366bd339b8547539b7245ad2eb212820267fe8
[INFO] running `Command { std: "docker" "create" "-v" "/var/lib/crater-agent-workspace/builds/worker-1-tc2/target:/opt/rustwide/target:rw,Z" "-v" "/var/lib/crater-agent-workspace/builds/worker-1-tc2/source:/opt/rustwide/workdir:ro,Z" "-v" "/var/lib/crater-agent-workspace/cargo-home:/opt/rustwide/cargo-home:ro,Z" "-v" "/var/lib/crater-agent-workspace/rustup-home:/opt/rustwide/rustup-home:ro,Z" "-e" "SOURCE_DIR=/opt/rustwide/workdir" "-e" "CARGO_TARGET_DIR=/opt/rustwide/target" "-e" "CARGO_INCREMENTAL=0" "-e" "RUST_BACKTRACE=full" "-e" "RUSTFLAGS=--cap-lints=forbid" "-e" "RUSTDOCFLAGS=--cap-lints=forbid" "-e" "CARGO_HOME=/opt/rustwide/cargo-home" "-e" "RUSTUP_HOME=/opt/rustwide/rustup-home" "-w" "/opt/rustwide/workdir" "-m" "1610612736" "--user" "0:0" "--network" "none" "ghcr.io/rust-lang/crates-build-env/linux@sha256:5ff2268d62e97bff2cde7d5815dd6ed5b47097566f13b8d0ca110b04b60e07ed" "/opt/rustwide/cargo-home/bin/cargo" "+e6e4f7ed1589e03bc2f6c5931c1a72e7947e8682" "check" "--frozen" "--all" "--all-targets" "--message-format=json", kill_on_drop: false }`
[INFO] [stdout] 83536c474baf3177cabc56b154aa4b9aa98362b3d5d4c841a46cb8f51121b683
[INFO] running `Command { std: "docker" "start" "-a" "83536c474baf3177cabc56b154aa4b9aa98362b3d5d4c841a46cb8f51121b683", kill_on_drop: false }`
[INFO] [stderr]    Compiling proc-macro2 v1.0.52
[INFO] [stderr]    Compiling semver v1.0.17
[INFO] [stderr]    Compiling quote v1.0.26
[INFO] [stderr]    Compiling unicode-ident v1.0.8
[INFO] [stderr]    Compiling paste v1.0.12
[INFO] [stderr]    Compiling either v1.8.1
[INFO] [stderr]    Compiling itertools v0.10.5
[INFO] [stderr]    Compiling rustc_version v0.4.0
[INFO] [stderr]    Compiling syn v2.0.2
[INFO] [stderr]    Compiling tuig-pm v0.0.3
[INFO] [stderr]     Checking tuig-iosys v0.0.3 (/opt/rustwide/workdir)
[INFO] [stdout] error[E0423]: expected function, found macro `tuig_iosys::load`
[INFO] [stdout]   --> src/bin/list-actions.rs:33:30
[INFO] [stdout]    |
[INFO] [stdout] 33 |         let (sys, mut run) = tuig_iosys::load().expect("failed to load any IO system");
[INFO] [stdout]    |                              ^^^^^^^^^^^^^^^^ not a function
[INFO] [stdout]    |
[INFO] [stdout] help: use `!` to invoke the macro
[INFO] [stdout]    |
[INFO] [stdout] 33 |         let (sys, mut run) = tuig_iosys::load!().expect("failed to load any IO system");
[INFO] [stdout]    |                                              +
[INFO] [stdout] 
[INFO] [stdout] 
[INFO] [stdout] error[E0423]: expected function, found macro `tuig_iosys::load`
[INFO] [stdout]   --> src/bin/list-actions.rs:33:30
[INFO] [stdout]    |
[INFO] [stdout] 33 |         let (sys, mut run) = tuig_iosys::load().expect("failed to load any IO system");
[INFO] [stdout]    |                              ^^^^^^^^^^^^^^^^ not a function
[INFO] [stdout]    |
[INFO] [stdout] help: use `!` to invoke the macro
[INFO] [stdout]    |
[INFO] [stdout] 33 |         let (sys, mut run) = tuig_iosys::load!().expect("failed to load any IO system");
[INFO] [stdout]    |                                              +
[INFO] [stdout] 
[INFO] [stdout] 
[INFO] [stdout] error[E0599]: no method named `textbox` found for struct `Screen` in the current scope
[INFO] [stdout]   --> src/bin/list-actions.rs:12:14
[INFO] [stdout]    |
[INFO] [stdout] 11 | /         screen
[INFO] [stdout] 12 | |             .textbox(log.clone())
[INFO] [stdout]    | |             -^^^^^^^ method not found in `Screen`
[INFO] [stdout]    | |_____________|
[INFO] [stdout]    | 
[INFO] [stdout] 
[INFO] [stdout] 
[INFO] [stdout] error[E0599]: no method named `textbox` found for struct `Screen` in the current scope
[INFO] [stdout]   --> src/bin/list-actions.rs:12:14
[INFO] [stdout]    |
[INFO] [stdout] 11 | /         screen
[INFO] [stdout] 12 | |             .textbox(log.clone())
[INFO] [stdout]    | |             -^^^^^^^ method not found in `Screen`
[INFO] [stdout]    | |_____________|
[INFO] [stdout]    | 
[INFO] [stdout] 
[INFO] [stdout] 
[INFO] [stdout] error: aborting due to 2 previous errors
[INFO] [stdout] 
[INFO] [stdout] 
[INFO] [stdout] Some errors have detailed explanations: E0423, E0599.
[INFO] [stdout] 
[INFO] [stdout] For more information about an error, try `rustc --explain E0423`.
[INFO] [stdout] 
[INFO] [stdout] error: aborting due to 2 previous errors
[INFO] [stdout] 
[INFO] [stdout] 
[INFO] [stdout] Some errors have detailed explanations: E0423, E0599.
[INFO] [stdout] 
[INFO] [stdout] For more information about an error, try `rustc --explain E0423`.
[INFO] [stdout] 
[INFO] [stderr] error: could not compile `tuig-iosys` (bin "list-actions") due to 3 previous errors
[INFO] [stderr] warning: build failed, waiting for other jobs to finish...
[INFO] [stderr] error: could not compile `tuig-iosys` (bin "list-actions" test) due to 3 previous errors
[INFO] running `Command { std: "docker" "inspect" "83536c474baf3177cabc56b154aa4b9aa98362b3d5d4c841a46cb8f51121b683", kill_on_drop: false }`
[INFO] running `Command { std: "docker" "rm" "-f" "83536c474baf3177cabc56b154aa4b9aa98362b3d5d4c841a46cb8f51121b683", kill_on_drop: false }`
[INFO] [stdout] 83536c474baf3177cabc56b154aa4b9aa98362b3d5d4c841a46cb8f51121b683
